se
Let a(i) = -i**3 + 41*i**2 - 63*i + 84. Suppose 5*x - 205 = -2*b, -b + 4*b + 24 = x. Is a(x) a prime number?
False
Suppose 5*t = -5*m + 7380, 0 = 4*m + 2*t - 0*t - 5908. Let g = m - 289. Is g a prime number?
False
Let a(d) = 13*d - 13*d - 4*d + 41 + 8. Let i be a(11). Suppose -i*w = 4*h - 17453, w + 3*h - 1483 = 2012. Is w prime?
False
Let k be (-1)/2*((2 - 15) + 7). Let b be 2/(-8) - (k + (-116)/16). Suppose 7086 = b*w - 3*g + 496, -3*g + 8251 = 5*w. Is w a prime number?
False
Suppose 36520 = w - 2*l, 26*w + 4*l = 21*w + 182558. Is w prime?
False
Let l = 6418 - 2177. Let i = l - 2004. Is i a prime number?
True
Suppose 0 = -20*o + 19*o + 1589. Suppose 5*t = o + 5216. Is t a prime number?
True
Let l(z) = z**3 + 24*z**2 + 58 + 46 - 51*z + 27 - 162. Is l(-23) prime?
False
Suppose -5866537 + 8668596 + 13642187 = 26*q. Is q a composite number?
True
Suppose 522 + 4838 = 10*d. Suppose -2*j + 291 = -5*j. Let p = j + d. Is p composite?
False
Suppose -4*h + 14 + 14 = 0. Let o(j) = -2*j**2 + 11*j + 19. Let l be o(h). Is l/(-4)*-3 + (-1796)/(-8) composite?
False
Suppose 3*y = 9, 5*g = -2*y + 3*y + 6467. Let h(v) = -2*v**3 - 12*v**2 - v - 4. Let w be h(-6). Suppose -g = -4*a + w*a. Is a composite?
False
Suppose 0*q + 16028 = 4*q. Suppose 5*p - q = -767. Let b = p + -359. Is b a prime number?
False
Suppose 2*r - 195974 = 2*b, 3*r - b - 489935 = -2*r. Is r a composite number?
False
Suppose -3687685 + 2259857 = -36*g + 2849656. Is g composite?
False
Suppose -336 - 4240 = 4*h. Let c = h + 2051. Is c a composite number?
False
Let g(z) be the second derivative of 259*z**4/12 - z**3/3 + 19*z**2/2 + 2*z - 1. Is g(-6) composite?
True
Let p(l) = -l**3 + 6*l**2 - 5*l + 2. Let j(h) = -h**3 + 5*h**2 - 5*h + 1. Let a(y) = -5*j(y) + 4*p(y). Let w be a(-3). Is (20320/w)/(2/(-3)) a composite number?
True
Suppose 24 = 2*w + 24. Suppose u + 8 = -w*u. Let t(f) = -116*f + 13. Is t(u) prime?
True
Suppose 0 = -4*r + 18027 + 20417. Is r a prime number?
False
Suppose 146*l = 142*l. Suppose -5*t + 5538 + 9197 = l. Is t prime?
False
Suppose 2*j + 3*j = -13*g + 52932, 5*g - 31762 = -3*j. Is j a prime number?
True
Suppose -5*w = 68 - 58, 5*w = 4*g - 1824542. Is g a prime number?
False
Let r(p) = 5 - 2 + 16*p**2 + 16*p + p**3 + 17. Let z be r(-15). Suppose -3*c + 113 = -s + 11, 0 = 2*c - z*s - 68. Is c prime?
False
Suppose -136 + 4 = -4*z. Let g be 2/11 - (46098/z)/(-6). Suppose g*d - 10596 = 229*d. Is d a composite number?
True
Suppose 45*w - 2435 = -533*w + 91*w. Let r(z) = 141*z**2 - 5*z + 2. Let c be r(3). Suppose 0 = 2*x - 3*q + q - c, -q - 3152 = -w*x. Is x composite?
False
Let l(h) = -2*h**2 - 15*h. Let a be l(-6). Suppose -8*s + 14 = -a. Suppose 0*q + 2109 = s*q - f, -2*q - 4*f = -1050. Is q a prime number?
False
Let u(h) = 9*h**2 - 2*h**3 - 13 - 21*h**2 - h**2 + 3*h**3 + h. Let r be u(13). Suppose r = 4*y + k - 561, 3*k + 180 = 5*y - 500. Is y prime?
True
Let k be -88 - (-3)/(-2 + -1). Suppose j - 52 = -82. Let w = j - k. Is w composite?
False
Let p be (-6)/4*-3*28/18. Suppose -4*f = 0, -f = p*z - 5*z - 20. Is (-64757)/(-55) + (-4)/z composite?
True
Suppose 3*p - 3*t - 54309 = 0, 5*p = -70*t + 67*t + 90499. Suppose -p = 56*q - 79*q. Is q composite?
False
Suppose -23*q + 26*q - 2879 = -4*u, 3*q - 1441 = -2*u. Is u a prime number?
True
Suppose 4*y + q = -2, -q + 0 = -2*y - 4. Let b be 797*(0/y + 2). Suppose 4*o + 3*z - b = 0, -o + 3*z = 52 - 443. Is o composite?
False
Let g(q) be the first derivative of 969*q**2 - 151*q + 319. Is g(4) a composite number?
True
Suppose 0 = -4*p + 3*u + 5, 6*u = -2*p + 5*u - 5. Let i(j) = -2 + 11 - 2820*j + 4. Is i(p) a composite number?
False
Suppose -53*d + 19615 = 3*i - 49*d, d - 19612 = -3*i. Is i a composite number?
True
Let x(f) = 999*f + 11. Let z be x(8). Let s = z - 5630. Suppose 27*k - 24*k = s. Is k composite?
True
Let r = -7 + 15. Suppose 0 = -9*m - 9*m + 37368. Suppose r*n - m = 5980. Is n a prime number?
False
Suppose 4*s + 27624 = 16*s. Let k = 3 + 3. Suppose -k*y + s = -4*y. Is y a composite number?
False
Suppose 3*o = -5*p + 222, -2*p - 5*o + 53 = -32. Let s = 40 - p. Is s/(-9)*69*3 a composite number?
True
Suppose 1268 = -7*t - 797. Let l = 637 + t. Let d = l + -215. Is d a prime number?
True
Let c = 218846 - -66333. Is c prime?
True
Let j(b) = -12*b**3 - 9*b**2 - 83*b + 15. Is j(-7) a composite number?
False
Let x be 36*4*5/40. Suppose 4*i - 7*i = x. Is i/8 - 3310/(-8) composite?
True
Let f = -1840 + 3446. Let s = 4809 - f. Is s prime?
True
Suppose -99*m + 50917162 = 13*m - 30*m. Is m a prime number?
False
Suppose 0 = -k + 2, 4*p + 2*k = 3*p - 8. Let m(b) = -17*b + 32 + 12*b**2 - 46*b**3 - 57 + 47*b**3. Is m(p) prime?
True
Let b = -4337 + 6870. Is b composite?
True
Let h(z) = -344*z + 1 - 4 + 10 - 10 - 7. Let a = -1 - 0. Is h(a) prime?
False
Let u = 145920 - 86453. Is u composite?
False
Suppose 3*c + 3*q = 1590, 3*c = -0*c + 5*q + 1558. Let l be 16/14*-21*(-2)/12. Suppose -2*a - r + 417 = 0, -l*r - 127 = -3*a + c. Is a a prime number?
True
Let x(m) = m**3 - 5*m**2 + 3. Let j be x(5). Let r(f) = 83*f**3 - 43*f + 3 - 4 - 14*f**j + 44*f. Is r(1) composite?
True
Let y = -146714 - -333757. Is y composite?
False
Suppose -4 = -10*x + 6. Suppose -7*u - x = -36. Suppose 4*z - u*z = -m + 16, 0 = -5*m - 4*z + 53. Is m prime?
True
Suppose -25*x + 30*x = 10. Let g(h) = 0*h + 6*h + 4705*h**x + 2*h + 8. Is g(-1) prime?
False
Let y(c) = -2*c**2 + 29*c + 16. Let p be y(15). Is (-3 + -2)*p - -558 prime?
False
Let i(y) = 88*y**2 - 9*y + 50. Let f(l) = 10*l - 33. Let k be f(4). Is i(k) composite?
True
Suppose 428*j - 26759765 = 49715703. Is j a prime number?
True
Suppose 713*s = 778*s - 13146185. Is s composite?
True
Let s = 22 + -15. Let h be (-10)/s - 20/35. Is 880 + 5/(h + -3) a prime number?
False
Let f = 789305 - -1767498. Is f a prime number?
True
Let h(n) = -2*n + 58. Let b be h(27). Suppose -2*k + k + 2*y + 1183 = 0, 0 = b*k - 4*y - 4728. Is k composite?
False
Let n = -29 - -49. Suppose 16 = 3*r - n. Suppose 2*f - 3*h = 5923, 0 = 5*h - h + r. Is f composite?
False
Let q be (-1 + 1 - -218) + 2 + 0. Suppose -15*f + 35*f - q = 0. Is ((-2)/6)/(f/(-16203)) composite?
False
Let w(s) be the third derivative of -s**4/12 + 31*s**3/2 + 53*s**2 - s. Is w(11) composite?
False
Suppose 422*k = 416*k + 514974. Is k prime?
True
Suppose 4*r = -14*i + 17*i - 756805, 0 = 5*i + 5*r - 1261330. Is i a prime number?
False
Suppose -19*z + 255 = -2*z. Is (-1780)/8*(-498)/z prime?
False
Let z be 7295/2*((-56)/7 - -10). Suppose -2*h - h + 99 = 0. Suppose -38*m = -h*m - z. Is m prime?
True
Let c(y) = y**3 - 6*y**2 + 7*y + 11. Let n be c(4). Let m(i) = 113*i - 3. Let o(a) = 75*a - 2. Let g(u) = n*o(u) - 5*m(u). Is g(-3) composite?
True
Is 11097 - 3 - 11 - 8/(-1) prime?
False
Let k be 2/(-9) - 400180/(-99). Suppose -4*p - 4*w - w + 3231 = 0, -3*w + k = 5*p. Is p prime?
True
Suppose -3*b + 17 - 20 = 0. Is 564 + (b + 3)*5/(-10) composite?
False
Let z(o) = 72*o**3 - 34*o**2 + 300*o + 19. Is z(9) a prime number?
True
Suppose -u - 5*t = -1057759, -5*u - 2*t = -2309072 - 2979631. Is u composite?
False
Let z(c) be the third derivative of 227*c**5/30 + c**4/24 + c**3/3 - 1988*c**2. Let f(t) = t**3 + t + 1. Let l be f(0). Is z(l) composite?
False
Is 26558 - -27*(-11)/33 a composite number?
True
Let u = -251312 - -443139. Is u prime?
True
Suppose -s = -2*p - 10, -4*s - 3*p = -9*s + 15. Suppose 4*v + 20346 = 3*t + 71720, -5*v + 3*t + 64216 = s. Is v a composite number?
True
Let n(u) = -u**3 - 9*u**2 + 12*u + 23. Let j be n(-10). Suppose j*z - 312 = -9. Suppose z*c - 99*c - 254 = 0. Is c prime?
True
Suppose -218*o - 34833104 + 95892144 = -58*o. Is o a prime number?
False
Suppose 24*z + 345803 - 59698 = 29*z. Is z composite?
False
Let b = -15285 - -68122. Is b composite?
False
Let t = 856 + 818. Suppose -2*n = 528 - 1890. Let d = t - n. Is d composite?
True
Let g(r) = -r**2 + 5*r + 15. Let c be g(6). Let o be 0 - 21/c - (-2)/(-3). Let f(i) = 12*i**2 - 8*i - 13. Is f(o) a composite number?
True
Is (-5712)/224*5/((-30)/94652) composite?
True
Let n = 120 - 111. Let s(a) = 25*a**2 - 14*a - 10. Is s(n) composite?
False
Let k be (-25)/2*-2*(4 + -3). Suppose -3*q - k = -5*b - 5*q, -3*q + 27 = 4*b. Suppose 4117 = 4*s + 3*f - 0*f, -b*s = -f - 3078. Is s composite?
True
Suppose 4*d + 3